{"id":10,"date":"2018-01-16T07:49:07","date_gmt":"2018-01-16T07:49:07","guid":{"rendered":"https:\/\/helen-spa.local\/?page_id=10"},"modified":"2022-02-11T17:27:20","modified_gmt":"2022-02-11T17:27:20","slug":"home","status":"publish","type":"page","link":"https:\/\/maternarser.com\/lasnueveplantasconlasquenaci\/","title":{"rendered":"Home"},"content":{"rendered":"<p>[vc_row content_placement=\u00bbtop\u00bb css_animation=\u00bbnone\u00bb el_class=\u00bbintro-section\u00bb css=\u00bb.vc_custom_1641949003583{margin-top: -300px !important;padding-top: px !important;background: #ffffff url(https:\/\/las9plantasconlasquenaci.maternarser.com\/wp-content\/uploads\/2018\/02\/trans1.png?id=610) !important;background-position: 0 0 !important;background-repeat: no-repeat !important;}\u00bb][vc_column css=\u00bb.vc_custom_1641948809614{padding-top: 30px !important;padding-right: 80px !important;padding-bottom: 5px !important;padding-left: 80px !important;}\u00bb][vc_column_text]En el 2020 se llev\u00f3 a cabo la primera formaci\u00f3n de<strong> Consultoras en Salud Femenina.<\/strong><\/p>\n<p>Ahora, en este 2022, se llevar\u00e1 a cabo la segunda versi\u00f3n que iniciar\u00e1 el<strong> 26 de marzo<\/strong> para el benepl\u00e1cito de todas las mujeres que han preguntado por una nueva formaci\u00f3n.<\/p>\n<p>Para inaugurar esta convocatoria queremos encontrarnos de manera presencial tanto con las mujeres interesadas en esta nueva cohorte, como con las mujeres ya formadas en la Consultor\u00eda. <strong>Ellas son testimonio vivo del alcance de esta metodolog\u00eda.<\/strong><\/p>\n<p>Es un encuentro concebido para el reconocimiento y el reencuentro, para hablar de lo que es un <strong>Plan de Salud como Consultoras<\/strong>, para sentir el cuerpo y a hablar del concepto de salud como concepto de s\u00ed misma, y para integrar las plantas como nuestras compa\u00f1eras de viaje.<\/p>\n<p>Es as\u00ed como en el marco de este encuentro tendr\u00e1 lugar el <strong><em>taller presencial: las nueve plantas con las que nac\u00ed <\/em><\/strong>con Andrea Rubiano. Esta maravillosa mujer nos trae una propuesta sobre las maneras en c\u00f3mo nos hacemos cargo de nuestra salud con ayuda de las plantas.<\/p>\n<p>&nbsp;<\/p>\n<h3 style=\"text-align: center;\">Aprender\u00e1s a conocer, preparar e integrar 9 plantas con las que puedes mantenerte en equilibrio y brillar haci\u00e9ndote cargo de ti misma.<\/h3>\n<p>[\/vc_column_text][\/vc_column][vc_column css_animation=\u00bbnone\u00bb width=\u00bb2\/3&#8243; el_class=\u00bbspace-left\u00bb css=\u00bb.vc_custom_1643128404857{padding-top: 55px !important;padding-right: 68px !important;padding-bottom: 10px !important;padding-left: 68px !important;}\u00bb el_id=\u00bbinfo\u00bb][vc_column_text]<\/p>\n<h4><strong>\u00bfA qui\u00e9n est\u00e1 dirigido?<\/strong><\/h4>\n<ul>\n<li>Mujeres que quiera participar en el c\u00edrculo de er\u00f3tica del conocimiento sobre salud femenina desde la visi\u00f3n matr\u00edztica.<\/li>\n<li>Las mujeres interesadas en la formaci\u00f3n de Consultora en Salud Femenina del 2022.<\/li>\n<li>Las mujeres que est\u00e1n en b\u00fasqueda de conocimiento sobre plantas al servicio de la salud femenina.<\/li>\n<\/ul>\n<p>[\/vc_column_text][vc_column_text]<\/p>\n<h4><strong>\u00bfQu\u00e9 aprender\u00e1s?<\/strong><\/h4>\n<ul>\n<li>En qu\u00e9 consiste el oficio de la Consultora en Salud Femenina.<\/li>\n<li>Sabr\u00e1s si tu puedes ser Consultora en Salud Femenina.<\/li>\n<li>Reconocer\u00e1s 9 plantas, sus usos, funciones, y preparaciones para la salud femenina.<\/li>\n<\/ul>\n<p>[\/vc_column_text][\/vc_column][vc_column css_animation=\u00bbnone\u00bb width=\u00bb1\/3&#8243; el_class=\u00bbdt-skin-primary-bg dt-sc-dark-bg aligncenter\u00bb css=\u00bb.vc_custom_1519109689205{background-image: url(https:\/\/las9plantasconlasquenaci.maternarser.com\/wp-content\/uploads\/2018\/01\/img11.png?id=183) !important;background-position: 0 0 !important;background-repeat: no-repeat !important;}\u00bb addstyles=\u00bbbackground-position:center bottom !important;\u00bb]<div id=\"1641358976008-2d60a9a9-f4a2\" class=\"dt-sc-empty-space\"><\/div><h2 class=\"intro-title\">Las con <strong>9 Plantas <\/strong> las que nac\u00ed<\/h2><div id=\"1641358976060-57ebd075-4fe6\" class=\"dt-sc-empty-space\"><\/div><div id=\"1641358976078-1f8e3c5e-f09c\" class=\"dt-sc-empty-space\"><\/div>[vc_column_text]M\u00e1s informaci\u00f3n[\/vc_column_text]<a href='https:\/\/bit.ly\/Maternarser_Taller_9Plantas' target='_blank' title='' class='dt-sc-button   medium   filled  white' > Escr\u00edbenos <\/a><div id=\"1641358976120-7b477b84-36a1\" class=\"dt-sc-empty-space\"><\/div>[\/vc_column][\/vc_row][vc_row full_width=\u00bbstretch_row\u00bb css=\u00bb.vc_custom_1641950258279{background: rgba(247,246,237,0.01) url(https:\/\/las9plantasconlasquenaci.maternarser.com\/wp-content\/uploads\/2018\/01\/parallax1.png?id=46) !important;*background-color: rgb(247,246,237) !important;}\u00bb el_class=\u00bbslanted-section\u00bb][vc_column css_animation=\u00bbnone\u00bb el_class=\u00bbaligncenter\u00bb][vc_row_inner][vc_column_inner el_class=\u00bbaligncenter\u00bb]<div id=\"1641949545766-e4747e32-59b4\" class=\"dt-sc-empty-space\"><\/div>[vc_column_text]<\/p>\n<h4><strong>\u00bfS\u00f3lo pueden participar las Consultoras formadas en la primera versi\u00f3n del 2020?<\/strong><\/h4>\n<p>Todas las mujeres pueden participar. No requieres ser Consultora en Salud Femenina.[\/vc_column_text]<div id=\"1641353771121-7d9c7c35-cec2\" class=\"dt-sc-empty-space\"><\/div>[\/vc_column_inner][\/vc_row_inner][vc_column_text css=\u00bb.vc_custom_1641950415550{padding-top: 60px !important;padding-bottom: 60px !important;background-color: #ffffff !important;}\u00bb]<\/p>\n<p style=\"text-align: center;\"><strong>\u00bfCu\u00e1ndo es?<\/strong><\/p>\n<p style=\"text-align: center;\">El pr\u00f3ximo 19 de febrero de 8.00 a.m. a 5:00 p.m.<\/p>\n<p style=\"text-align: center;\"><strong>\u00bfEn d\u00f3nde es?<\/strong><\/p>\n<p style=\"text-align: center;\">Jard\u00edn Bot\u00e1nico de Bogot\u00e1 (Maloka).<\/p>\n<p style=\"text-align: center;\"><strong>\u00bfCu\u00e1l es su valor?<\/strong><\/p>\n<p style=\"text-align: center;\">$139.000<\/p>\n<p style=\"text-align: center;\">Incluye almuerzo.<br \/>\nSi invitas a una amiga el valor es de $209.000 por ambas.<\/p>\n<p style=\"text-align: center;\"><strong>\u00bfSi estoy fuera del pa\u00eds o de la ciudad, o no puedo ir presencial, puedo asistir virtualmente?<\/strong><\/p>\n<p style=\"text-align: center;\">S\u00ed, el taller lo puedes vivir en conexi\u00f3n virtual por un valor de $89.000.<\/p>\n<p>[\/vc_column_text][\/vc_column][\/vc_row][vc_row][vc_column width=\u00bb1\/2&#8243; el_id=\u00bbandrea\u00bb][vc_empty_space height=\u00bb60px\u00bb][vc_column_text]<\/p>\n<h2><\/h2>\n<h2><b>Andrea Rubiano<\/b><\/h2>\n<p>[\/vc_column_text][vc_column_text]\u2740 Doula integral<\/p>\n<p>\u2740Aprendiz de parter\u00eda<\/p>\n<p>\u2740De profesi\u00f3n estudi\u00f3 cultura f\u00edsica y deporte por amor al movimiento y la sabidur\u00eda del cuerpo.<\/p>\n<p>\u2740Ginec\u00f3loga natural y ancestral.<\/p>\n<p>\u2740Formada en psiconeuroimnunologia<\/p>\n<p>\u2740Cursando la maestr\u00eda en nutrici\u00f3n y salud hormonal. Creadora de la escuela de sabidur\u00eda y salud femenina<\/p>\n<p>\u2740Formada en herbolaria, amante de las plantas, la fisiolog\u00eda y anatom\u00eda del cuerpo de la mujer.[\/vc_column_text][\/vc_column][vc_column width=\u00bb1\/2&#8243;]<img width=\"600\" height=\"679\" src=\"https:\/\/maternarser.com\/lasnueveplantasconlasquenaci\/wp-content\/uploads\/2022\/01\/andrea-1.jpg\" class=\"alignnone attachment-full\" alt=\"\" loading=\"lazy\" srcset=\"https:\/\/maternarser.com\/lasnueveplantasconlasquenaci\/wp-content\/uploads\/2022\/01\/andrea-1.jpg 600w, https:\/\/maternarser.com\/lasnueveplantasconlasquenaci\/wp-content\/uploads\/2022\/01\/andrea-1-265x300.jpg 265w\" sizes=\"(max-width: 600px) 100vw, 600px\" \/>[\/vc_column][\/vc_row][vc_row][vc_column el_id=\u00bbagenda\u00bb][vc_column_text css=\u00bb.vc_custom_1643129256147{padding-top: 60px !important;padding-bottom: 60px !important;background-color: #ffffff !important;}\u00bb]<\/p>\n<h3 style=\"text-align: center;\"><b>Agenda<\/b><\/h3>\n<p style=\"text-align: center;\"><strong>8:30 Bienvenida:<\/strong> Permiso, agradecimiento, danza y canto<\/p>\n<p style=\"text-align: center;\"><strong>9:00 C\u00edrculo de er\u00f3tica del conocimiento<\/strong> \u00bfC\u00f3mo va mi plan de salud? El sentido de lo construido<\/p>\n<p style=\"text-align: center;\"><strong>10:30 Presentaci\u00f3n<\/strong> de las formaciones Maternarser 2022<\/p>\n<p style=\"text-align: center;\"><strong>12:00 Almuerzo<\/strong> compartido<\/p>\n<p style=\"text-align: center;\"><strong>2:00 pm Taller<\/strong> \u201cLas nueve plantas con las que nac\u00ed\u201d<\/p>\n<p>[\/vc_column_text][\/vc_column][\/vc_row]<\/p>\n","protected":false},"excerpt":{"rendered":"<p>[vc_row content_placement=\u00bbtop\u00bb css_animation=\u00bbnone\u00bb el_class=\u00bbintro-section\u00bb css=\u00bb.vc_custom_1641949003583{margin-top: -300px !important;padding-top: px !important;background: #ffffff url(https:\/\/las9plantasconlasquenaci.maternarser.com\/wp-content\/uploads\/2018\/02\/trans1.png?id=610) !important;background-position: 0 0 !important;background-repeat: no-repeat !important;}\u00bb][vc_column css=\u00bb.vc_custom_1641948809614{padding-top: 30px !important;padding-right: 80px !important;padding-bottom: 5px !important;padding-left: 80px !important;}\u00bb][vc_column_text]En el 2020 se llev\u00f3 a cabo la primera formaci\u00f3n de Consultoras en Salud Femenina. Ahora, en este 2022, se llevar\u00e1 a cabo la segunda versi\u00f3n que iniciar\u00e1 el 26 [&hellip;]<\/p>\n","protected":false},"author":1,"featured_media":0,"parent":0,"menu_order":0,"comment_status":"closed","ping_status":"closed","template":"","meta":[],"uagb_featured_image_src":{"full":false,"thumbnail":false,"medium":false,"medium_large":false,"large":false,"1536x1536":false,"2048x2048":false,"helenspa-blog-thumb":false,"helenspa-blog-ii-column":false,"helenspa-blog-iii-column":false,"helenspa-event-list":false,"helenspa-event-single-type1":false,"helenspa-event-single-type4":false,"helenspa-event-single-type5":false,"helenspa-event-list2":false,"helenspa-person-type2":false,"helenspa-service-type2":false,"woocommerce_thumbnail":false,"woocommerce_single":false,"woocommerce_gallery_thumbnail":false,"shop_catalog":false,"shop_single":false,"shop_thumbnail":false},"uagb_author_info":{"display_name":"Maternarser9Plantas","author_link":"https:\/\/maternarser.com\/lasnueveplantasconlasquenaci\/author\/maternarser9plantas\/"},"uagb_comment_info":0,"uagb_excerpt":"[vc_row content_placement=\u00bbtop\u00bb css_animation=\u00bbnone\u00bb el_class=\u00bbintro-section\u00bb css=\u00bb.vc_custom_1641949003583{margin-top: -300px !important;padding-top: px !important;background: #ffffff url(https:\/\/las9plantasconlasquenaci.maternarser.com\/wp-content\/uploads\/2018\/02\/trans1.png?id=610) !important;background-position: 0 0 !important;background-repeat: no-repeat !important;}\u00bb][vc_column css=\u00bb.vc_custom_1641948809614{padding-top: 30px !important;padding-right: 80px !important;padding-bottom: 5px !important;padding-left: 80px !important;}\u00bb][vc_column_text]En el 2020 se llev\u00f3 a cabo la primera formaci\u00f3n de Consultoras en Salud Femenina. Ahora, en este 2022, se llevar\u00e1 a cabo la segunda versi\u00f3n que iniciar\u00e1 el 26&hellip;","_links":{"self":[{"href":"https:\/\/maternarser.com\/lasnueveplantasconlasquenaci\/wp-json\/wp\/v2\/pages\/10"}],"collection":[{"href":"https:\/\/maternarser.com\/lasnueveplantasconlasquenaci\/wp-json\/wp\/v2\/pages"}],"about":[{"href":"https:\/\/maternarser.com\/lasnueveplantasconlasquenaci\/wp-json\/wp\/v2\/types\/page"}],"author":[{"embeddable":true,"href":"https:\/\/maternarser.com\/lasnueveplantasconlasquenaci\/wp-json\/wp\/v2\/users\/1"}],"replies":[{"embeddable":true,"href":"https:\/\/maternarser.com\/lasnueveplantasconlasquenaci\/wp-json\/wp\/v2\/comments?post=10"}],"version-history":[{"count":132,"href":"https:\/\/maternarser.com\/lasnueveplantasconlasquenaci\/wp-json\/wp\/v2\/pages\/10\/revisions"}],"predecessor-version":[{"id":12453,"href":"https:\/\/maternarser.com\/lasnueveplantasconlasquenaci\/wp-json\/wp\/v2\/pages\/10\/revisions\/12453"}],"wp:attachment":[{"href":"https:\/\/maternarser.com\/lasnueveplantasconlasquenaci\/wp-json\/wp\/v2\/media?parent=10"}],"curies":[{"name":"wp","href":"https:\/\/api.w.org\/{rel}","templated":true}]}}